{"id":823,"date":"2023-02-20T18:13:44","date_gmt":"2023-02-20T17:13:44","guid":{"rendered":"https:\/\/wolt.demonstrer.es\/de-couriers\/?page_id=823"},"modified":"2025-02-05T18:19:09","modified_gmt":"2025-02-05T17:19:09","slug":"gear","status":"publish","type":"page","link":"https:\/\/wolt.demonstrer.es\/de-couriers\/","title":{"rendered":"Gear"},"content":{"rendered":"\n<div class=\"wp-block-cover alignfull is-light has-custom-content-position is-position-center-right is-style-banner\"><span aria-hidden=\"true\" class=\"wp-block-cover__background has-background-dim-0 has-background-dim\"><\/span><video class=\"wp-block-cover__video-background intrinsic-ignore\" autoplay muted loop playsinline src=\"https:\/\/wolt.demonstrer.es\/de-couriers\/wp-content\/uploads\/sites\/36\/2023\/02\/4a-PizzaDeliveryOutside.mp4\" data-object-fit=\"cover\"><\/video><div class=\"wp-block-cover__inner-container is-layout-flow wp-block-cover-is-layout-flow\">\n<h1 class=\"wp-block-heading has-text-align-left has-white-color has-text-color has-link-color has-huge-font-size wp-elements-a57a1a12cc4742a2280d75c1ac32e75c\">Hol dir deine WOLT-Ausr\u00fcstung<\/h1>\n\n\n\n<div class=\"wp-block-buttons is-layout-flex wp-block-buttons-is-layout-flex\">\n<div class=\"wp-block-button\"><a class=\"wp-block-button__link has-white-color has-primary-background-color has-text-color has-background wp-element-button\" href=\"https:\/\/wolt.demonstrer.es\/de-couriers\/shop\/\">Zum WOLT Shop<\/a><\/div>\n\n\n\n<div class=\"wp-block-button\"><a class=\"wp-block-button__link has-white-color has-black-background-color has-text-color has-background wp-element-button\" href=\"https:\/\/wolt.demonstrer.es\/de-couriers\/contact\/\">Kontaktiere uns<\/a><\/div>\n<\/div>\n<\/div><\/div>\n\n\n\n<div class=\"wp-block-uagb-container uagb-block-429c0098 alignwide uagb-is-root-container\">\n<div class=\"wp-block-uagb-container uagb-block-0e14a45f\"><\/div>\n\n\n\n<div class=\"wp-block-uagb-container uagb-block-0094b8e9\">\n<div class=\"wp-block-uagb-info-box uagb-block-fd47cc11 uagb-infobox__content-wrap  uagb-infobox-icon-left uagb-infobox-left uagb-infobox-stacked-tablet uagb-infobox-image-valign-middle usp\"><div class=\"uagb-ifb-image-content\"><img decoding=\"async\" src=\"https:\/\/wolt.demonstrer.es\/de-couriers\/wp-content\/uploads\/sites\/36\/2023\/02\/Frame-3.svg\" alt=\"\" width=\"42\" height=\"45\" loading=\"lazy\"\/><\/div><div class=\"uagb-ifb-content\"><div class=\"uagb-ifb-title-wrap\"><h3 class=\"uagb-ifb-title\">Kostenlose Lieferung<\/h3><\/div><p class=\"uagb-ifb-desc\">ab 0,- \u20ac<\/p><\/div><\/div>\n<\/div>\n\n\n\n<div class=\"wp-block-uagb-container uagb-block-a9aee812\">\n<div class=\"wp-block-uagb-info-box uagb-block-1648c5b3 uagb-infobox__content-wrap  uagb-infobox-icon-left uagb-infobox-left uagb-infobox-stacked-tablet uagb-infobox-image-valign-middle usp\"><div class=\"uagb-ifb-image-content\"><img decoding=\"async\" src=\"https:\/\/wolt.demonstrer.es\/de-couriers\/wp-content\/uploads\/sites\/36\/2023\/02\/Frame-2.svg\" alt=\"\" width=\"42\" height=\"44\" loading=\"lazy\"\/><\/div><div class=\"uagb-ifb-content\"><div class=\"uagb-ifb-title-wrap\"><h3 class=\"uagb-ifb-title\">Nachhaltigkeit<\/h3><\/div><\/div><\/div>\n<\/div>\n\n\n\n<div class=\"wp-block-uagb-container uagb-block-c51e5362\"><\/div>\n<\/div>\n\n\n\n<div class=\"wp-block-media-text alignwide has-media-on-the-right is-stacked-on-mobile\" style=\"margin-top:0;margin-right:0;margin-bottom:0;margin-left:0;grid-template-columns:auto 60%\"><div class=\"wp-block-media-text__content\">\n<h2 class=\"wp-block-heading has-xlarge-font-size\">Erhalte Deine Wolt-AuSr\u00fcstung<\/h2>\n\n\n\n<p><\/p>\n\n\n\n<p class=\"has-lead-paragraph-font-size\">Wolt bietet eine vielf\u00e4ltige Produktpalette, die das Kuriererlebnis verbessert. Von ergonomischen Rucks\u00e4cken und langlebigen Liefertaschen bis hin zu isolierten Beh\u00e4ltern und Zubeh\u00f6r bietet Wolt Kurieren*innen zuverl\u00e4ssige und effiziente Werkzeuge, mit denen Lieferungen problemlos durchgef\u00fchrt werden k\u00f6nnen.<\/p>\n\n\n\n<div class=\"wp-block-buttons is-layout-flex wp-block-buttons-is-layout-flex\">\n<div class=\"wp-block-button\"><a class=\"wp-block-button__link wp-element-button\" href=\"https:\/\/wolt.demonstrer.es\/de-couriers\/produkt-kategori\/courier-gears\/\">Ausr\u00fcstung ansehen<\/a><\/div>\n<\/div>\n<\/div><figure class=\"wp-block-media-text__media\"><a href=\"https:\/\/wolt.demonstrer.es\/de-couriers\/produkt-kategori\/courier-gears\/\"><img loading=\"lazy\" decoding=\"async\" width=\"1024\" height=\"683\" src=\"https:\/\/wolt.demonstrer.es\/de-couriers\/wp-content\/uploads\/sites\/36\/2024\/03\/Courier-partner-002-1024x683.jpg\" alt=\"\" class=\"wp-image-2201 size-full\" srcset=\"https:\/\/wolt.demonstrer.es\/de-couriers\/wp-content\/uploads\/sites\/36\/2024\/03\/Courier-partner-002-1024x683.jpg 1024w, https:\/\/wolt.demonstrer.es\/de-couriers\/wp-content\/uploads\/sites\/36\/2024\/03\/Courier-partner-002-300x200.jpg 300w, https:\/\/wolt.demonstrer.es\/de-couriers\/wp-content\/uploads\/sites\/36\/2024\/03\/Courier-partner-002-768x512.jpg 768w, https:\/\/wolt.demonstrer.es\/de-couriers\/wp-content\/uploads\/sites\/36\/2024\/03\/Courier-partner-002-1536x1024.jpg 1536w, https:\/\/wolt.demonstrer.es\/de-couriers\/wp-content\/uploads\/sites\/36\/2024\/03\/Courier-partner-002-2048x1365.jpg 2048w, https:\/\/wolt.demonstrer.es\/de-couriers\/wp-content\/uploads\/sites\/36\/2024\/03\/Courier-partner-002-600x400.jpg 600w, https:\/\/wolt.demonstrer.es\/de-couriers\/wp-content\/uploads\/sites\/36\/2024\/03\/Courier-partner-002-64x43.jpg 64w\" sizes=\"auto, (max-width: 1024px) 100vw, 1024px\" \/><\/a><\/figure><\/div>\n\n\n\n<div class=\"wp-block-uagb-container uagb-block-d414b2d3 alignfull uagb-is-root-container\"><div class=\"uagb-container-inner-blocks-wrap\">\n<div class=\"wp-block-uagb-container uagb-block-d7841284\">\n<h2 class=\"wp-block-heading has-text-align-center\">Und was ist Wolt jetzt genau?<\/h2>\n\n\n\n<p class=\"has-text-align-center has-lead-paragraph-font-size\">Wolt ist ein Technologieunternehmen mit Hauptsitz in Helsinki, das es unglaublich einfach macht, die besten Restaurants, Lebensmittell\u00e4den und andere lokale Gesch\u00e4fte zu entdecken und sich diese liefern zu lassen. Wolt hat es sich zur Aufgabe gemacht, St\u00e4dte zu besseren Orten f\u00fcr Kund*innen, H\u00e4ndler*innen und Kurier*innen gleicherma\u00dfen zu machen. Die Wolt Plattform macht es den Kund*innen leicht, alles, was sie brauchen, \u00fcber eine einzige App zu bestellen, den H\u00e4ndler*innen zus\u00e4tzliche Ums\u00e4tze zu erm\u00f6glichen und den Kurier*innen, flexibel ein faires Einkommen zu verdienen. Erm\u00f6glicht wird dies durch eigens von Wolt entwickelte Technologien, wie etwa effiziente Logistikl\u00f6sungen f\u00fcr den lokalen Handel, leistungsstarke Software f\u00fcr Einzelhandelsgesch\u00e4fte bis hin zu intelligenten Finanzl\u00f6sungen. Unter der Marke Wolt Market betreibt Wolt au\u00dferdem eigene Lebensmittelgesch\u00e4fte. Wolt wurde 2014 gegr\u00fcndet und hat sich 2022 mit DoorDash zusammengetan. DoorDash ist in 27 L\u00e4ndern t\u00e4tig, davon in 23 unter der Marke Wolt.<\/p>\n\n\n\n<p class=\"has-text-align-center has-lead-paragraph-font-size\">Im Sommer 2015 ist Wolt im finnischen Helsinki zusammen mit zehn Restaurants gestartet. In den seither sechs Jahren sind wir in 23 L\u00e4nder und mehr als 129 St\u00e4dte expandiert und beliefern gemeinsam mit 60.000 KurierpartnerInnen und 30.000 Restaurant- und EinzelhandelspartnerInnen \u00fcber 10 Millionen KundInnen. Unser Wachstum beruht auf jeder Menge gewonnener Erfahrungen und gemachter Fehler, die uns zu dem Unternehmen gemacht haben, das wir heute sind.<\/p>\n\n\n\n<p><\/p>\n<\/div>\n\n\n\n<div class=\"wp-block-uagb-container uagb-block-9ecdbc6e\"><\/div>\n\n\n\n<div class=\"wp-block-uagb-container uagb-block-00689b00\"><\/div>\n<\/div><\/div>\n\n\n\n<h2 class=\"wp-block-heading has-text-align-center\"><\/h2>\n","protected":false},"excerpt":{"rendered":"<p>Und was ist Wolt jetzt genau? Wolt ist ein Technologieunternehmen mit Hauptsitz in Helsinki, das es unglaublich einfach macht, die besten Restaurants, Lebensmittell\u00e4den und andere lokale Gesch\u00e4fte zu entdecken und sich diese liefern zu lassen. Wolt hat es sich zur Aufgabe gemacht, St\u00e4dte zu besseren Orten f\u00fcr Kund*innen, H\u00e4ndler*innen und Kurier*innen gleicherma\u00dfen zu machen. Die [&hellip;]<\/p>\n","protected":false},"author":1,"featured_media":0,"parent":0,"menu_order":0,"comment_status":"closed","ping_status":"closed","template":"","meta":{"_acf_changed":false,"_uag_custom_page_level_css":"","_editorskit_title_hidden":false,"_editorskit_reading_time":0,"_editorskit_is_block_options_detached":false,"_editorskit_block_options_position":"{}","site-sidebar-layout":"default","site-content-layout":"","ast-site-content-layout":"default","site-content-style":"default","site-sidebar-style":"default","ast-global-header-display":"","ast-banner-title-visibility":"","ast-main-header-display":"","ast-hfb-above-header-display":"","ast-hfb-below-header-display":"","ast-hfb-mobile-header-display":"","site-post-title":"disabled","ast-breadcrumbs-content":"","ast-featured-img":"","footer-sml-layout":"","theme-transparent-header-meta":"","adv-header-id-meta":"","stick-header-meta":"","header-above-stick-meta":"","header-main-stick-meta":"","header-below-stick-meta":"","astra-migrate-meta-layouts":"set","ast-page-background-enabled":"default","ast-page-background-meta":{"desktop":{"background-color":"var(--ast-global-color-4)","background-image":"","background-repeat":"repeat","background-position":"center center","background-size":"auto","background-attachment":"scroll","background-type":"","background-media":"","overlay-type":"","overlay-color":"","overlay-opacity":"","overlay-gradient":""},"tablet":{"background-color":"","background-image":"","background-repeat":"repeat","background-position":"center center","background-size":"auto","background-attachment":"scroll","background-type":"","background-media":"","overlay-type":"","overlay-color":"","overlay-opacity":"","overlay-gradient":""},"mobile":{"background-color":"","background-image":"","background-repeat":"repeat","background-position":"center center","background-size":"auto","background-attachment":"scroll","background-type":"","background-media":"","overlay-type":"","overlay-color":"","overlay-opacity":"","overlay-gradient":""}},"ast-content-background-meta":{"desktop":{"background-color":"var(--ast-global-color-5)","background-image":"","background-repeat":"repeat","background-position":"center center","background-size":"auto","background-attachment":"scroll","background-type":"","background-media":"","overlay-type":"","overlay-color":"","overlay-opacity":"","overlay-gradient":""},"tablet":{"background-color":"var(--ast-global-color-5)","background-image":"","background-repeat":"repeat","background-position":"center center","background-size":"auto","background-attachment":"scroll","background-type":"","background-media":"","overlay-type":"","overlay-color":"","overlay-opacity":"","overlay-gradient":""},"mobile":{"background-color":"var(--ast-global-color-5)","background-image":"","background-repeat":"repeat","background-position":"center center","background-size":"auto","background-attachment":"scroll","background-type":"","background-media":"","overlay-type":"","overlay-color":"","overlay-opacity":"","overlay-gradient":""}},"footnotes":""},"class_list":["post-823","page","type-page","status-publish","hentry"],"acf":[],"uagb_featured_image_src":{"full":false,"thumbnail":false,"medium":false,"medium_large":false,"large":false,"1536x1536":false,"2048x2048":false,"post-thumbnail":false,"gform-image-choice-sm":false,"gform-image-choice-md":false,"gform-image-choice-lg":false,"woocommerce_thumbnail":false,"woocommerce_single":false,"woocommerce_gallery_thumbnail":false,"dgwt-wcas-product-suggestion":false},"uagb_author_info":{"display_name":"maksimer","author_link":"https:\/\/wolt.demonstrer.es\/de-couriers\/author\/maksimer\/"},"uagb_comment_info":0,"uagb_excerpt":"Und was ist Wolt jetzt genau? Wolt ist ein Technologieunternehmen mit Hauptsitz in Helsinki, das es unglaublich einfach macht, die besten Restaurants, Lebensmittell\u00e4den und andere lokale Gesch\u00e4fte zu entdecken und sich diese liefern zu lassen. Wolt hat es sich zur Aufgabe gemacht, St\u00e4dte zu besseren Orten f\u00fcr Kund*innen, H\u00e4ndler*innen und Kurier*innen gleicherma\u00dfen zu machen. Die&hellip;","_links":{"self":[{"href":"https:\/\/wolt.demonstrer.es\/de-couriers\/wp-json\/wp\/v2\/pages\/823","targetHints":{"allow":["GET"]}}],"collection":[{"href":"https:\/\/wolt.demonstrer.es\/de-couriers\/wp-json\/wp\/v2\/pages"}],"about":[{"href":"https:\/\/wolt.demonstrer.es\/de-couriers\/wp-json\/wp\/v2\/types\/page"}],"author":[{"embeddable":true,"href":"https:\/\/wolt.demonstrer.es\/de-couriers\/wp-json\/wp\/v2\/users\/1"}],"replies":[{"embeddable":true,"href":"https:\/\/wolt.demonstrer.es\/de-couriers\/wp-json\/wp\/v2\/comments?post=823"}],"version-history":[{"count":3,"href":"https:\/\/wolt.demonstrer.es\/de-couriers\/wp-json\/wp\/v2\/pages\/823\/revisions"}],"predecessor-version":[{"id":2779,"href":"https:\/\/wolt.demonstrer.es\/de-couriers\/wp-json\/wp\/v2\/pages\/823\/revisions\/2779"}],"wp:attachment":[{"href":"https:\/\/wolt.demonstrer.es\/de-couriers\/wp-json\/wp\/v2\/media?parent=823"}],"curies":[{"name":"wp","href":"https:\/\/api.w.org\/{rel}","templated":true}]}}